vided by 3.
2
What is the remainder when 11023913 is divided by 1801?
1793
What is the remainder when 623419 is divided by 623408?
11
Calculate the remainder when 193153535 is divided by 115.
110
Calculate the remainder when 30678 is divided by 134.
126
What is the remainder when 5511694 is divided by 612404?
58
Calculate the remainder when 5402128 is divided by 93140.
8
What is the remainder when 2038103 is divided by 45?
8
What is the remainder when 1876659 is divided by 157?
38
What is the remainder when 722475 is divided by 722463?
12
What is the remainder when 1663102 is divided by 174?
10
Calculate the remainder when 216960 is divided by 251.
96
Calculate the remainder when 28680769 is divided by 12.
1
What is the remainder when 3819647 is divided by 5305?
47
Calculate the remainder when 1888964 is divided by 147.
14
Calculate the remainder when 28105891 is divided by 68218.
75
What is the remainder when 274234 is divided by 273744?
490
What is the remainder when 586114 is divided by 1860?
214
Calculate the remainder when 352442 is divided by 86429.
6726
What is the remainder when 18697299 is divided by 120?
99
Calculate the remainder when 182629333 is divided by 7117.
7113
What is the remainder when 180779 is divided by 180687?
92
What is the remainder when 165078 is divided by 1241?
25
Calculate the remainder when 1990240 is divided by 375.
115
Calculate the remainder when 28579 is divided by 5633.
414
Calculate the remainder when 63837802 is divided by 1819.
1816
Calculate the remainder when 1436161 is divided by 16699.
47
What is the remainder when 88487 is divided by 88293?
194
What is the remainder when 1791443 is divided by 223924?
51
Calculate the remainder when 418430 is divided by 104605.
10
Calculate the remainder when 65442 is divided by 16354.
26
Calculate the remainder when 4140931 is divided by 12900.
31
What is the remainder when 264491 is divided by 1075?
41
What is the remainder when 3504691 is divided by 1912?
1907
Calculate the remainder when 43777534 is divided by 102.
52
Calculate the remainder when 34272 is divided by 16921.
430
Calculate the remainder when 3761184 is divided by 4737.
6
What is the remainder when 2590856 is divided by 1808?
1800
What is the remainder when 822382 is divided by 322?
316
Calculate the remainder when 19777046 is divided by 1488.
38
What is the remainder when 2133151 is divided by 14?
13
Calculate the remainder when 11223 is divided by 2183.
308
What is the remainder when 108775 is divided by 4167?
433
What is the remainder when 640900876 is divided by 16?
12
What is the remainder when 592071 is divided by 958?
27
Calculate the remainder when 43720549 is divided by 824916.
1
Calculate the remainder when 3518196 is divided by 34492.
12
Calculate the remainder when 38511307 is divided by 19.
17
What is the remainder when 54453320 is divided by 694?
692
What is the remainder when 271195 is divided by 14268?
103
Calculate the remainder when 2624482 is divided by 145.
127
Calculate the remainder when 24038897 is divided by 464.
449
What is the remainder when 11234090 is divided by 97?
35
What is the remainder when 1985281 is divided by 3590?
11
Calculate the remainder when 1663976 is divided by 237.
236
What is the remainder when 39223948 is divided by 11140?
8
What is the remainder when 909342 is divided by 832?
798
What is the remainder when 75314 is divided by 14797?
1329
Calculate the remainder when 6106 is divided by 2004.
94
Calculate the remainder when 211839 is divided by 301.
236
Calculate the remainder when 2552658 is divided by 255261.
48
What is the remainder when 37816 is divided by 3436?
20
Calculate the remainder when 1085850 is divided by 131.
122
Calculate the remainder when 997565 is divided by 193.
141
Calculate the remainder when 2427226 is divided by 678.
664
What is the remainder when 26524485 is divided by 884149?
15
What is the remainder when 3911321 is divided by 1944?
1937
What is the remainder when 1358787 is divided by 1645?
17
What is the remainder when 55695 is divided by 4625?
195
What is the remainder when 59628 is divided by 850?
128
Calculate the remainder when 402204 is divided by 3866.
140
What is the remainder when 18444594 is divided by 1328?
2
Calculate the remainder when 1591078 is divided by 198883.
14
What is the remainder when 3871841 is divided by 139?
135
What is the remainder when 29795303 is divided by 8?
7
What is the remainder when 53027851 is divided by 35025?
1
What is the remainder when 37272 is divided by 2649?
186
What is the remainder when 63503932 is divided by 846719?
7
Calculate the remainder when 28347 is divided by 930.
447
Calculate the remainder when 79017471 is divided by 109.
101
What is the remainder when 1665606 is divided by 165?
96
What is the remainder when 1100953 is divided by 99?
73
Calculate the remainder when 18331 is divided by 3864.
2875
Calculate the remainder when 9264083 is divided by 20052.
59
What is the remainder when 18206199 is divided by 860?
859
Calculate the remainder when 83151924 is divided by 591.
588
Calculate the remainder when 387245227 is divided by 203.
194
Calculate the remainder when 14010141 is divided by 38071.
13
Calculate the remainder when 4119083 is divided by 21.
17
Calculate the remainder when 386508 is divided by 49.
45
What is the remainder when 104641 is divided by 1836?
1825
What is the remainder when 5192818 is divided by 2038?
2032
What is the remainder when 1672730 is divided by 1313?
1281
Calculate the remainder when 89611 is divided by 100.
11
Calculate the remainder when 10798938 is divided by 54.
18
Calculate the remainder when 1709202 is divided by 809.
594
What is the remainder when 817758 is divided by 22?
18
What is the remainder when 159280 is divided by 52863?
691
Calculate the remainder when 5503879 is divided by 461.
0
What is the remainder when 1351950547 is divided by 157?
154
Calculate the remainder when 2101073 is divided by 235.
173
Calculate the remainder when 872915503 is divided by 862.
859
Calculate the remainder when 179707 is divided by 2221.
2027
What is the remainder when 16612 is divided by 269?
203
Calculate the remainder when 8437990 is divided by 2812656.
22
What is the remainder when 12168142 is divided by 628?
14
What is the remainder when 371937 is divided by 360?
57
Calculate the remainder when 24681755 is divided by 263.
257
Calculate the remainder when 42749972 is divided by 1415.
1407
Calculate the remainder when 6669607 is divided by 24.
7
Calculate the remainder when 130353 is divided by 1.
0
What is the remainder when 21720705 is divided by 135?
15
What is the remainder when 198503 is divided by 310?
103
What is the remainder when 4586291 is divided by 36?
35
What is the remainder when 1588064 is divided by 36?
32
Calculate the remainder when 24034623 is divided by 462.
459
What is the remainder when 19122394 is divided by 4066?
4062
Calculate the remainder when 746916 is divided by 124484.
12
Calculate the remainder when 52024135 is divided by 153.
4
What is the remainder when 8399081 is divided by 16731?
119
Calculate the remainder when 13394 is divided by 549.
218
Calculate the remainder when 88234 is divided by 1470.
34
Calculate the remainder when 74752 is divided by 2690.
2122
What is the remainder when 1614355 is divided by 538101?
52
What is the remainder when 455160 is divided by 35?
20
Calculate the remainder when 1671827 is divided by 557225.
152
What is the remainder when 15455964 is divided by 7727957?
50
Calculate the remainder when 264765 is divided by 29385.
300
What is the remainder when 545305 is divided by 2122?
2073
Calculate the remainder when 1470743 is divided by 809.
790
Calculate the remainder when 695884 is divided by 12.
4
What is the remainder when 25927756 is divided by 978?
976
What is the remainder when 169730 is divided by 559?
353
What is the remainder when 152681293 is divided by 6814?
6809
Calculate the remainder when 1768194 is divided by 60.
54
What is the remainder when 22350950 is divided by 224?
6
What is the remainder when 1731788 is divided by 5263?
261
What is the remainder when 5353652 is divided by 411806?
174
What is the remainder when 1269647 is divided by 39673?
111
Calculate the remainder w